?
-14
Let a(q) = -q. Let x be (-89 - -93)/(4 + -1*2). Give a(x).
-2
Let j(k) = 66*k**2 + 2*k + 0*k - 59*k**2 - 23*k**3 - 6 + 22*k**3. Let v(d) = 3*d**2 - 13*d - 3. Let s be v(5). Determine j(s).
8
Suppose a - 4*f = -a + 24, 3*f = -3*a + 27. Suppose 6 + 14 = -2*m. Let w = m + a. Let v(q) = -q**3 + q**2 + q + 6. What is v(w)?
6
Let p(u) = u - 3. Let a be p(10). Suppose -6 = -5*t + a*t. Let n(y) = y**3 + 2*y**2 - 4*y - 2. Determine n(t).
1
Let d = 326 + -334. Let x(n) = -n - 9. Give x(d).
-1
Let g(w) = -2*w + 34. Let l be g(14). Let f(k) = -l - 7*k - 9 + 8 + k**3 + 5*k**2. Determine f(-6).
-1
Suppose 4*b + 6 = -m - 16, 0 = -4*m + 3*b + 7. Let g be 5 - (0 - 0) - (-8)/m. Let w(k) = -23*k**3 + 2*k**2 - 1. What is w(g)?
-22
Let y(h) = -h + 17. Let n(k) = k - 15. Let p(x) = -7*n(x) - 6*y(x). Let g = 27 - 20. What is p(g)?
-4
Suppose -3*x - 6 + 11 = p, -4*p - 2*x = 20. Let f(v) = -2*v - 9. Give f(p).
5
Suppose 0 = -7*h + 6*h + 1. Let o(c) = -13*c**3 - 2*c**2 + 1. Determine o(h).
-14
Let p(z) = -63*z - 265. Let n be p(-4). Let f(t) = t**2 + 11*t + 3. Calculate f(n).
29
Let f(s) be the first derivative of -18 - 1/3*s**3 - 6*s + 2*s**2. What is f(4)?
-6
Let t = 918 - 920. Let o(q) = 16*q**2 - 2*q. What is o(t)?
68
Let h = -147 - -150. Let o(j) = j - 1. What is o(h)?
2
Let o(h) = -3*h + 10. Let t(z) = z - 1. Let f(p) = -o(p) - 2*t(p). What is f(6)?
-2
Suppose b + 1 = 5*a, 2*b = -b - 2*a + 14. Let p be ((-18)/24)/((-2)/16). Suppose b - p = y. Let l(n) = -n**3 - 2*n**2 - 3*n - 2. What is l(y)?
4
Let o(p) = -3*p - 3 - 3*p + 5*p. Let s be o(-5). Let a(z) = z + 2*z**2 + 2*z**3 - 7*z**3 - 2*z**3 + s + 5*z**3. Give a(2).
-4
Let c(t) = -3*t - 1. Let l(i) = 11*i**2 - 2*i + 1. Let q be l(1). Let w be (-48)/(-10)*q/2. Suppose -w = m + 5*j, -3*m = -0*m - 2*j - 13. What is c(m)?
-4
Let x(i) = 34*i**2 - 27*i**2 + 0 + 7*i + 6 + i**3. Let t(v) = -v**2 - v - 1. Let n(s) = -2*t(s) - x(s). Let b be 28/(-4) - (0 + -3). Determine n(b).
0
Let o(s) = 418*s**2 - 201*s**2 + s**3 - 204*s**2 - 1 - 14*s. What is o(-14)?
-1
Let t(o) be the first derivative of -o**2/2 + 11*o + 11. Let k be t(6). Suppose 25 = 3*a + y, 2*y - 31 = -k*a + 3*y. Let v(b) = b**2 - 8*b + 5. Calculate v(a).
-2
Suppose 4*l + 2 + 10 = 0. Let q(z) = 2*z**3 + 5*z**2 + 3*z. What is q(l)?
-18
Let s(i) be the third derivative of 0*i - 1/6*i**3 + 0 + 1/8*i**4 + 6*i**2 + 1/60*i**5. What is s(-3)?
-1
Let p(o) = -o**2 + 6*o - 6. Suppose 2*n + 2 = 2*m, 2*m - 4*n - n + 1 = 0. Let a be m/(-4) + 77/22. Let t be 10/(-3)*a/(-2). What is p(t)?
-1
Let w(h) = -3*h**2. Let d(u) = 13*u**2 + 12*u + 4. Let i(c) = d(c) + 4*w(c). Determine i(-12).
4
Let g(y) = y**2 + 25*y + 3. Let c be g(-25). Let b(z) = 2*z + 4*z**2 - z**3 + 6 - c*z**2 + 5*z + 4*z**2. Suppose 0 = -u + 3*u - 12. Calculate b(u).
12
Let r(t) = 64 - 4*t + 2*t + 4*t - 73. Give r(6).
3
Let z(t) = -5*t - 10. Let g be 2 - (-3 + 4)*-4. Let l(j) = -4*j - 10. Let d(r) = g*l(r) - 5*z(r). Let f be d(13). Let v(a) = 2*a - 2. Determine v(f).
4
Let w be -1*8/(-24)*0/(-2). Let m(l) = 2*l - 2. What is m(w)?
-2
Let b(d) = 2*d**3 - d. Let j be (-1)/2*1*2. What is b(j)?
-1
Let p(n) = -n**3 - n**2 + 3*n + 1. Let o(u) = 5*u**2 - 7*u**2 + 3 - 2 - u + 0*u**2. Let v(b) = -b + 3. Let d be v(2). Let g be o(d). What is p(g)?
-1
Let t be 6/(0 + -12)*0. Let i(o) = -o**3 + o**2 - 4*o + 1. Calculate i(t).
1
Suppose -3*b = -o - 5*b + 44, -4*o = 4*b - 168. Let d = o - 36. Let i(a) = a**2 + a - 3. Determine i(d).
17
Suppose 0 = -p + 3*a - 7, -p - 2*p + 3*a - 3 = 0. Let o(x) be the first derivative of 1/2*x**2 + 1/3*x**3 + 2*x**4 + p + x. What is o(-1)?
-7
Let z(d) = d - 32 - 32 - 31 + 97. Calculate z(-2).
0
Let j(v) = -16*v**3 - 16*v**3 + 4*v + 31*v**3 + 4*v**2 - 2. Determine j(5).
-7
Suppose -5*a + a = -8. Suppose a*f - f = -2*p - 10, 5*p + 31 = -f. Let o = p - -5. Let i(x) = 2*x**3 + 2*x**2 + 4*x + 3. Give i(o).
-13
Let w(s) = -s**2 - 9*s - 5. Let b be 2/3 + 29/(-3). Determine w(b).
-5
Let k(s) = 4*s**3 + 10*s**2 - s + 2. Let g(u) = -2*u**3 - 5*u**2 + u - 1. Let q(d) = -5*g(d) - 3*k(d). Suppose 3*x - 2*r = -5, r + r = -3*x - 13. Give q(x).
14
Let i(a) be the third derivative of a**5/60 + 5*a**4/12 + 7*a**3/6 - 92*a**2 + 1. Calculate i(-10).
7
Let w(d) = -d - 5. Suppose -5*m = 3*k + 22, -4 = 5*m - 4*m + k. Let a = -1 - m. Suppose -2*q - 12 = a. Calculate w(q).
3
Let t(w) = -4 - w**2 + 9 - 3 + 2*w - 4*w. Let o be (-4)/(-6) - (-2)/6. Let l be (-6)/2 - o/1. Calculate t(l).
-6
Let y(o) be the third derivative of 5/24*o**4 - 1/40*o**5 + 0 + 6*o**2 + 0*o + 7/6*o**3. Let x(w) be the first derivative of y(w). Calculate x(4).
-7
Let p(k) = 5*k**2 - k. Let v(s) = -7*s + s**3 - 8*s**2 - 2 + 3*s**2 + 9. Let f = 12 - 6. Let j be v(f). Calculate p(j).
4
Let o(l) be the first derivative of l**2 - 7*l + 2. Suppose 4*i = 2*m + 30, -14*i = -18*i + 3*m + 35. Determine o(i).
3
Let w = 497 - 494. Let t(f) be the second derivative of 1/2*f**2 - f**w + 0 - 1/3*f**4 + 4*f + 1/20*f**5. What is t(5)?
-4
Let p(d) = -28*d + 4*d**2 - 2 + 1 + 30*d + 6*d**3. Determine p(-2).
-37
Let v(t) = t**3 + 7*t**2 - 7*t + 2. Let s(h) = h**3 - 4*h**2 - 2*h + 7. Suppose -9*f + 5*f = -12. Let p be s(f). Determine v(p).
-6
Let t(u) = 0*u**2 - u + 0*u**2 + u**2 + 5*u. Suppose 2*b + 2 - 18 = 2*x, 3*x = -3*b + 6. Calculate t(x).
-3
Let q(n) = 5*n + 1. Let i = -71 - -84. Suppose -i = 14*f + 1. What is q(f)?
-4
Let z(u) = -541 + 1076 - 546 - u. Calculate z(-11).
0
Let g(d) = d**3 + 6*d**2 + 6*d. Let l(k) = -2*k - 27. Let x be l(-9). Let s be 4/(12/x) - 2. Determine g(s).
-5
Let m(n) be the third derivative of 0 - n**2 + 0*n - 3/2*n**3 - 1/24*n**4 + 1/30*n**6 + 1/120*n**5. Let l(a) be the first derivative of m(a). Calculate l(1).
12
Let h(y) = -y. Let i be 1/(3/9 + 0). Suppose -2*p + 4*g - 2*g - 6 = 0, 2*p + i*g + 6 = 0. Determine h(p).
3
Let z(r) = r**2 + 8*r + 9. Suppose -35 = -50*u + 57*u. Give z(u).
-6
Suppose -2*a + 12 = -4*c, -2*c - 2 = 2*a - 5*a. Let r(f) = -f**2 - 6*f + 9. Let p(g) = g**2 + 6*g - 12. Let s(m) = -5*p(m) - 6*r(m). Determine s(c).
-2
Let h(b) = -3*b**2 - 15*b + 41. Let q(i) = -13*i**2 - 61*i + 166. Let v(y) = -9*h(y) + 2*q(y). What is v(-15)?
-7
Suppose c = -c + 4. Let r be (c/3)/((-12)/90). Let l = r - -5. Let t(m) = -m - 4. Determine t(l).
-4
Let b(g) be the first derivative of -g**3/3 - 5*g - 17. Let y(d) be the first derivative of b(d). Give y(-1).
2
Let v(w) = -16*w**2 + 4*w + 11. Let i(x) = 3*x**2 - 1. Let b(j) = 5*i(j) + v(j). Calculate b(3).
9
Suppose -4*u + 4 = 8. Let d = u + 3. Let t(b) = 2*b**d - 31*b + 3*b**3 - 4*b**2 + 1 + 31*b. Calculate t(-1).
-4
Let t = 327 + -341. Let k(q) = -q**3 - 14*q**2 - 2*q - 30. What is k(t)?
-2
Let k be 2/(30/(-184) - (-9)/36). Let r = 15 - k. Let p(x) = x - 1. Determine p(r).
-9
Let m = -1980 + 1988. Let c(i) be the first derivative of 1 + 5/3*i**3 - m*i + 3*i**2 - 1/4*i**4. Determine c(6).
-8
Let x(m) = -2*m**2 + 7*m + 11. Let a = 1329 + -1324. Give x(a).
-4
Suppose 0 = -6*p + 7*p + 6. Let k(l) be the third derivative of l**5/60 + 3*l**4/8 + 5*l**3/6 + 14*l**2. What is k(p)?
-13
Suppose -3*f + h - 6 = 5*h, 0 = 4*f + 5*h + 7. Let l(t) = -26*t**2 - 4*t**3 + t + 5 + 21*t**f + 5*t**3. Give l(4).
-7
Let z(i) be the third derivative of i**4/24 - 3*i**3/2 + 21*i**2 + 3*i. Determine z(12).
3
Let a(h) = h + 9. Suppose -90 = 4*q + 2*g, 0*g + 3*g + 115 = -5*q. Let u = 22 + q. Let r(w) = -2*w - 2. Let c be r(u). What is a(c)?
3
Let s(u) = -16*u - 5. Let y(x) = -121*x - 365. Let c be y(-3). Give s(c).
27
Let n(k) = -435 - 2*k + k + 403. Calculate n(0).
-32
Let u(y) = 8*y. Let l = 204 + -206. Calculate u(l).
-16
Let g(h) = 57*h + 7 - 14 - 2 - h**3 - 57*h + h**2. Determine g(0).
-9
Let y be 6 - -1*(1 + -4). Let m(c) = -5*c + 3 - y*c + 4*c - 5. Give m(-3).
10
Let f(w) = -9*w - 11. Let h(q) = 8*q + 10. Let m(t) = 5*f(t) + 6*h(t). Let d(x) = x**2 + 4*x + 6. Let u(c) = -2*d(c) + 3*m(c). Calculate u(-3).
-18
Let s(u) = 2*u - 25. Suppose -27 = -3*b + 3*t + 21, 0 = -4*t - 4. Determine s(b).
5
Suppose 3*f = 5*b + 14, -b = -2*b + 2*f. Let a(o) = -o**3 - 4*o**2 - 3*o + 3. What is a(b)?
15
Let h(t) be the first derivative of 3*t**2/2 - 16*t - 317. What is h(7)?
5
Suppose z - 3 = -2*z. Suppose -3*p - 22 = -p. Let r(l) = 10*l + 7. Let a(n) = -n**2 - 18*n - 13. Let j(q) = p*r(q) - 6*a(q). Determine j(z).
5
Let s(